{"id":256,"date":"2019-01-10T19:34:58","date_gmt":"2019-01-10T19:34:58","guid":{"rendered":"http:\/\/xn--hundesportverein-mllheim-dtc.de\/?page_id=256"},"modified":"2019-01-13T15:12:57","modified_gmt":"2019-01-13T15:12:57","slug":"datenschutz","status":"publish","type":"page","link":"https:\/\/xn--hundesportverein-mllheim-dtc.de\/index.php\/kontakt\/datenschutz\/","title":{"rendered":"Datenschutz"},"content":{"rendered":"\n<p>Datenschutzerkl\u00e4rung<\/p>\n\n\n\n<p>Der Schutz und die Sicherheit von pers\u00f6nlichen Daten hat bei uns eine hohe <br>\nPriorit\u00e4t. Daher halten wir uns strikt an die Regeln des deutschen <br>\nBundesdatenschutzgesetzes (BDSG). Nachfolgend werden Sie dar\u00fcber informiert, <br>\nwelche Art von Daten erfasst und zu welchem Zweck sie erhoben werden:<\/p>\n\n\n\n<ol class=\"wp-block-list\"><li>Daten\u00fcbermittlung \/Datenprotokollierung<br>\nBeim Besuch dieser Seite verzeichnet der Web-Server automatisch Log-Files, die <br>\nkeiner bestimmten Person zugeordnet werden k\u00f6nnen. Diese Daten beinhalten z. B. <br>\nden Browsertyp und -version, verwendetes Betriebssystem, Referrer URL (die zuvor <br>\nbesuchte Seite), IP-Adresse des anfragenden Rechners, Zugriffsdatum und -uhrzeit <br>\nder Serveranfrage und die Dateianfrage des Client (Dateiname und URL). Diese <br>\nDaten werden nur zum Zweck der statistischen Auswertung gesammelt. Eine <br>\nWeitergabe an Dritte, zu kommerziellen oder nichtkommerziellen Zwecken, findet <br>\nnicht statt.<\/li><li>Nutzung pers\u00f6nlicher Daten<br>\nPers\u00f6nliche Daten werden nur erhoben oder verarbeitet, wenn Sie diese Angaben <br>\nfreiwillig, z.B. im Rahmen einer Anfrage mitteilen. Sofern keine erforderlichen <br>\nGr\u00fcnde im Zusammenhang mit einer Gesch\u00e4ftsabwicklung bestehen, k\u00f6nnen Sie <br>\njederzeit die zuvor erteilte Genehmigung Ihrer pers\u00f6nlichen Datenspeicherung mit <br>\nsofortiger Wirkung schriftlich (z.B. per E-Mail oder per Fax) widerrufen. Ihre Daten <br>\nwerden nicht an Dritte weitergeben, es sei denn, eine Weitergabe ist aufgrund <br>\ngesetzlicher Vorschriften erforderlich.<\/li><li>Auskunft, \u00c4nderung und L\u00f6schung Ihrer Daten<br>\nGem\u00e4\u00df geltendem Recht k\u00f6nnen Sie jederzeit bei uns schriftlich nachfragen, ob und <br>\nwelche personenbezogenen Daten bei uns \u00fcber Sie gespeichert sind. Eine <br>\nentsprechende Mitteilung hierzu erhalten Sie umgehend.<\/li><li>Sicherheit Ihrer Daten<br>\nIhre uns zur Verf\u00fcgung gestellten pers\u00f6nlichen Daten werden durch Ergreifung aller <br>\ntechnischen sowie organisatorischen Sicherheitsma\u00dfnahmen so gesichert, dass sie <br>\nf\u00fcr den Zugriff unberechtigter Dritter unzug\u00e4nglich sind. Bei Versendung von sehr <br>\nsensiblen Daten oder Informationen ist es empfehlenswert, den Postweg zu nutzen, <br>\nda eine vollst\u00e4ndige Datensicherheit per E-Mail nicht gew\u00e4hrleistet werden kann.<\/li><li>Hinweis zu Google Analytics<br>\nDiese Website benutzt Google Analytics, einen Webanalysedienst der Google Inc. <br>\n(\u201eGoogle\u201c).  Google Analytics verwendet sog. \u201eCookies\u201c, d. h. Textdateien, die auf <br>\nIhrem Computer gespeichert werden und die eine Analyse der Benutzung der <br>\nWebsite durch Sie erm\u00f6glicht. Die durch den Cookie erzeugten Informationen \u00fcber <br>\nIhre Benutzung diese Website (einschlie\u00dflich Ihrer IP-Adresse) wird an einen Server <br>\nvon Google in den USA \u00fcbertragen und dort gespeichert. Google wird diese <br>\nInformationen benutzen, um Ihre Nutzung der Website auszuwerten, um Reports <br>\n\u00fcber die Websiteaktivit\u00e4ten f\u00fcr die Websitebetreiber zusammenzustellen und um <br>\nweitere mit der Websitenutzung und der Internetnutzung verbundene <br>\nDienstleistungen zu erbringen. Auch wird Google diese Informationen <br>\ngegebenenfalls an Dritte \u00fcbertragen, sofern dies gesetzlich vorgeschrieben oder <br>\nsoweit Dritte diese Daten im Auftrag von Google verarbeiten. Google wird in keinem <br>\nFall Ihre IP-Adresse mit anderen Daten der Google in Verbindung bringen. Sie <br>\nk\u00f6nnen die Installation der Cookies durch eine entsprechende Einstellung Ihrer <br>\nBrowser Software verhindern; wir weisen Sie jedoch darauf hin, dass Sie in diesem <br>\nFall gegebenenfalls nicht s\u00e4mtliche Funktionen dieser Website voll umf\u00e4nglich <br>\nnutzen k\u00f6nnen. Durch die Nutzung dieser Website erkl\u00e4ren Sie sich mit der <br>\nBearbeitung der \u00fcber Sie erhobenen Daten durch Google in der zuvor <br>\nbeschriebenen Art und Weise und zu dem zuvor benannten Zweck einverstanden.<\/li><li>Cookies<br>\nAuf einigen unserer Seiten verwenden wir sog. &#8222;Session-Cookies&#8220;, um Ihnen die <br>\nNutzung unserer Webseiten zu erleichtern. Dabei handelt es sich um kleine <br>\nTextdateien, die nur f\u00fcr die Dauer Ihres Besuchs unserer Webseite auf Ihrer <br>\nFestplatte hinterlegt und abh\u00e4ngig von der Einstellung Ihres Browser-Programms <br>\nbeim Beenden des Browsers wieder gel\u00f6scht werden. Diese Cookies rufen keine auf <br>\nIhrer Festplatte \u00fcber Sie gespeicherten Informationen ab und beeintr\u00e4chtigen nicht <br>\nIhren PC oder ihre Dateien. Die meisten Browser sind so eingestellt, dass sie <br>\nCookies automatisch akzeptieren. Sie k\u00f6nnen das Speichern von Cookies jedoch <br>\ndeaktivieren oder ihren Browser so einstellen, dass er Sie auf die Sendung von <br>\nCookies hinweist.<\/li><li>\u00c4nderungen dieser Datenschutzbestimmungen<br>\nWir werden diese Richtlinien zum Schutz Ihrer pers\u00f6nlichen Daten von Zeit zu Zeit <br>\naktualisieren. Sie sollten sich diese Richtlinien gelegentlich ansehen, um auf dem <br>\nLaufenden dar\u00fcber zu bleiben, wie wir Ihre Daten sch\u00fctzen und die Inhalte unserer <br>\nWebsite stetig verbessern. Sollten wir wesentliche \u00c4nderungen bei der Sammlung, <br>\nder Nutzung und\/oder der Weitergabe der uns von Ihnen zur Verf\u00fcgung gestellten <br>\npersonenbezogenen Daten vornehmen, werden wir Sie durch einen eindeutigen und <br>\ngut sichtbaren Hinweis auf der Website darauf aufmerksam machen. Mit der <br>\nNutzung der Webseite erkl\u00e4ren Sie sich mit den Bedingungen dieser Richtlinien zum <br>\nSchutz pers\u00f6nlicher Daten einverstanden.<\/li><\/ol>\n","protected":false},"excerpt":{"rendered":"<p>Datenschutzerkl\u00e4rung Der Schutz und die Sicherheit von pers\u00f6nlichen Daten hat bei uns eine hohe Priorit\u00e4t. Daher halten wir uns strikt an die Regeln des deutschen Bundesdatenschutzgesetzes (BDSG). Nachfolgend werden Sie dar\u00fcber informiert, welche Art von Daten erfasst und zu welchem Zweck sie erhoben werden: Daten\u00fcbermittlung \/Datenprotokollierung Beim Besuch dieser Seite verzeichnet der Web-Server automatisch Log-Files, &hellip; <\/p>\n<p class=\"link-more\"><a href=\"https:\/\/xn--hundesportverein-mllheim-dtc.de\/index.php\/kontakt\/datenschutz\/\" class=\"more-link\"><span class=\"screen-reader-text\">\u201eDatenschutz\u201c<\/span> weiterlesen<\/a><\/p>\n","protected":false},"author":2,"featured_media":0,"parent":206,"menu_order":0,"comment_status":"closed","ping_status":"closed","template":"","meta":{"footnotes":""},"class_list":["post-256","page","type-page","status-publish","hentry"],"_links":{"self":[{"href":"https:\/\/xn--hundesportverein-mllheim-dtc.de\/index.php\/wp-json\/wp\/v2\/pages\/256"}],"collection":[{"href":"https:\/\/xn--hundesportverein-mllheim-dtc.de\/index.php\/wp-json\/wp\/v2\/pages"}],"about":[{"href":"https:\/\/xn--hundesportverein-mllheim-dtc.de\/index.php\/wp-json\/wp\/v2\/types\/page"}],"author":[{"embeddable":true,"href":"https:\/\/xn--hundesportverein-mllheim-dtc.de\/index.php\/wp-json\/wp\/v2\/users\/2"}],"replies":[{"embeddable":true,"href":"https:\/\/xn--hundesportverein-mllheim-dtc.de\/index.php\/wp-json\/wp\/v2\/comments?post=256"}],"version-history":[{"count":2,"href":"https:\/\/xn--hundesportverein-mllheim-dtc.de\/index.php\/wp-json\/wp\/v2\/pages\/256\/revisions"}],"predecessor-version":[{"id":277,"href":"https:\/\/xn--hundesportverein-mllheim-dtc.de\/index.php\/wp-json\/wp\/v2\/pages\/256\/revisions\/277"}],"up":[{"embeddable":true,"href":"https:\/\/xn--hundesportverein-mllheim-dtc.de\/index.php\/wp-json\/wp\/v2\/pages\/206"}],"wp:attachment":[{"href":"https:\/\/xn--hundesportverein-mllheim-dtc.de\/index.php\/wp-json\/wp\/v2\/media?parent=256"}],"curies":[{"name":"wp","href":"https:\/\/api.w.org\/{rel}","templated":true}]}}