{"id":100,"date":"2019-01-04T18:38:36","date_gmt":"2019-01-04T18:38:36","guid":{"rendered":"http:\/\/xn--hundesportverein-mllheim-dtc.de\/?page_id=100"},"modified":"2025-04-25T17:33:26","modified_gmt":"2025-04-25T17:33:26","slug":"start","status":"publish","type":"page","link":"https:\/\/xn--hundesportverein-mllheim-dtc.de\/","title":{"rendered":"Startseite"},"content":{"rendered":"\n<h2 class=\"wp-block-heading\"><strong>Hundesportverein M\u00fcllheim e.V.<\/strong><\/h2>\n\n\n\n<p>Herzlich Willkommen auf der Website des Hundesportvereins M\u00fcllheim. Auf diesen Seiten m\u00f6chten wir uns und unsere Aktivit\u00e4ten vorstellen.<\/p>\n\n\n\n<div style=\"height:35px\" aria-hidden=\"true\" class=\"wp-block-spacer\"><\/div>\n\n\n\n<figure class=\"wp-block-image size-full is-resized\"><img loading=\"lazy\" decoding=\"async\" width=\"1200\" height=\"509\" src=\"https:\/\/xn--hundesportverein-mllheim-dtc.de\/wp-content\/uploads\/2025\/04\/Trainingsplatz_ueberdacht.jpg\" alt=\"\" class=\"wp-image-497\" style=\"width:674px;height:auto\" srcset=\"https:\/\/xn--hundesportverein-mllheim-dtc.de\/wp-content\/uploads\/2025\/04\/Trainingsplatz_ueberdacht.jpg 1200w, https:\/\/xn--hundesportverein-mllheim-dtc.de\/wp-content\/uploads\/2025\/04\/Trainingsplatz_ueberdacht-300x127.jpg 300w, https:\/\/xn--hundesportverein-mllheim-dtc.de\/wp-content\/uploads\/2025\/04\/Trainingsplatz_ueberdacht-1024x434.jpg 1024w, https:\/\/xn--hundesportverein-mllheim-dtc.de\/wp-content\/uploads\/2025\/04\/Trainingsplatz_ueberdacht-768x326.jpg 768w, https:\/\/xn--hundesportverein-mllheim-dtc.de\/wp-content\/uploads\/2025\/04\/Trainingsplatz_ueberdacht-510x216.jpg 510w\" sizes=\"(max-width: 767px) 89vw, (max-width: 1000px) 54vw, (max-width: 1071px) 543px, 580px\" \/><figcaption class=\"wp-element-caption\">Welpengruppe auf unserem \u00fcberdachten Trainingsplatz<\/figcaption><\/figure>\n\n\n\n<div style=\"height:35px\" aria-hidden=\"true\" class=\"wp-block-spacer\"><\/div>\n\n\n\n<p>Sollten sie mehr \u00fcber uns erfahren wollen oder Fragen haben, so k\u00f6nnen sie uns jederzeit per Mail oder telefonisch erreichen. Sie k\u00f6nnen uns auch jederzeit bei einem unserer Trainings besuchen.<\/p>\n\n\n\n<p><a href=\"http:\/\/xn--hundesportverein-mllheim-dtc.de\/index.php\/kontakt\/\">Kontakt<\/a><\/p>\n","protected":false},"excerpt":{"rendered":"<p>Hundesportverein M\u00fcllheim e.V. Herzlich Willkommen auf der Website des Hundesportvereins M\u00fcllheim. Auf diesen Seiten m\u00f6chten wir uns und unsere Aktivit\u00e4ten vorstellen. Sollten sie mehr \u00fcber uns erfahren wollen oder Fragen haben, so k\u00f6nnen sie uns jederzeit per Mail oder telefonisch erreichen. Sie k\u00f6nnen uns auch jederzeit bei einem unserer Trainings besuchen. Kontakt<\/p>\n","protected":false},"author":2,"featured_media":0,"parent":0,"menu_order":0,"comment_status":"closed","ping_status":"closed","template":"","meta":{"footnotes":""},"class_list":["post-100","page","type-page","status-publish","hentry"],"_links":{"self":[{"href":"https:\/\/xn--hundesportverein-mllheim-dtc.de\/index.php\/wp-json\/wp\/v2\/pages\/100"}],"collection":[{"href":"https:\/\/xn--hundesportverein-mllheim-dtc.de\/index.php\/wp-json\/wp\/v2\/pages"}],"about":[{"href":"https:\/\/xn--hundesportverein-mllheim-dtc.de\/index.php\/wp-json\/wp\/v2\/types\/page"}],"author":[{"embeddable":true,"href":"https:\/\/xn--hundesportverein-mllheim-dtc.de\/index.php\/wp-json\/wp\/v2\/users\/2"}],"replies":[{"embeddable":true,"href":"https:\/\/xn--hundesportverein-mllheim-dtc.de\/index.php\/wp-json\/wp\/v2\/comments?post=100"}],"version-history":[{"count":18,"href":"https:\/\/xn--hundesportverein-mllheim-dtc.de\/index.php\/wp-json\/wp\/v2\/pages\/100\/revisions"}],"predecessor-version":[{"id":519,"href":"https:\/\/xn--hundesportverein-mllheim-dtc.de\/index.php\/wp-json\/wp\/v2\/pages\/100\/revisions\/519"}],"wp:attachment":[{"href":"https:\/\/xn--hundesportverein-mllheim-dtc.de\/index.php\/wp-json\/wp\/v2\/media?parent=100"}],"curies":[{"name":"wp","href":"https:\/\/api.w.org\/{rel}","templated":true}]}}